{"id":38,"date":"2024-04-21T21:13:07","date_gmt":"2024-04-21T19:13:07","guid":{"rendered":"https:\/\/neuromeer.net\/?page_id=38"},"modified":"2025-08-31T22:03:13","modified_gmt":"2025-08-31T20:03:13","slug":"termine","status":"publish","type":"page","link":"https:\/\/neuromeer.net\/?page_id=38","title":{"rendered":"Termine"},"content":{"rendered":"\n<div class=\"wp-block-group alignfull has-accent-2-background-color has-background has-global-padding is-layout-constrained wp-container-core-group-is-layout-669513ed wp-block-group-is-layout-constrained\" style=\"margin-top:0;margin-bottom:0;padding-top:var(--wp--preset--spacing--50);padding-right:var(--wp--preset--spacing--50);padding-bottom:var(--wp--preset--spacing--50);padding-left:var(--wp--preset--spacing--50)\">\n<div class=\"wp-block-columns alignwide is-layout-flex wp-container-core-columns-is-layout-28f84493 wp-block-columns-is-layout-flex\">\n<div class=\"wp-block-column is-layout-flow wp-block-column-is-layout-flow\" style=\"flex-basis:40%\">\n<p class=\"wp-container-content-0733e5d0\">Seminar Neuromeer <br><br>20.01.2026 &#8211; 28.01.2026 Ikonen Zeichnen<br>Nea Moudania<br>F\u00fcr Anf\u00e4nger und Fortgeschrittene<\/p>\n\n\n\n<p class=\"wp-container-content-0733e5d0\">09.03.2026 &#8211; 14.03.2026 Nea Moudania<br>f\u00fcr Neurographik TrainerInnen<\/p>\n\n\n\n<p class=\"wp-container-content-0733e5d0\">Chalkidiki, 40 Minuten vom Flughafen Thessaloniki entfernt.<br><a href=\"https:\/\/neuromeer.net\/?page_id=50\" data-type=\"page\" data-id=\"50\">Vasiliki Melissi<\/a>, <a href=\"https:\/\/neuromeer.net\/?page_id=50\" data-type=\"page\" data-id=\"50\">Sabine Zuch-Haischmann<\/a><\/p>\n\n\n\n<p><\/p>\n<\/div>\n\n\n\n<div class=\"wp-block-column is-layout-flow wp-block-column-is-layout-flow\" style=\"flex-basis:60%\">\n<p class=\"has-heading-font-family has-x-large-font-size\" style=\"line-height:1.2\">Durch Zeichnen mit Meerblick erlebst du, wie du eine neue Perspektive auf dein Leben und dein Alltag bekommst. Wie nebenbei lernst, wie du auch alleine die neue Perspektive f\u00fcr dich im Alltag umzusetzen.<\/p>\n<\/div>\n<\/div>\n\n\n\n<div style=\"height:var(--wp--preset--spacing--40)\" aria-hidden=\"true\" class=\"wp-block-spacer\"><\/div>\n\n\n\n<figure class=\"wp-block-image alignwide size-large is-style-rounded is-style-rounded--1\"><img loading=\"lazy\" decoding=\"async\" width=\"1024\" height=\"1024\" src=\"https:\/\/neuromeer.net\/wp-content\/uploads\/2024\/04\/20240310_140304-1024x1024.jpg\" alt=\"\" class=\"wp-image-30\" srcset=\"https:\/\/neuromeer.net\/wp-content\/uploads\/2024\/04\/20240310_140304-1024x1024.jpg 1024w, https:\/\/neuromeer.net\/wp-content\/uploads\/2024\/04\/20240310_140304-300x300.jpg 300w, https:\/\/neuromeer.net\/wp-content\/uploads\/2024\/04\/20240310_140304-150x150.jpg 150w, https:\/\/neuromeer.net\/wp-content\/uploads\/2024\/04\/20240310_140304-768x768.jpg 768w, https:\/\/neuromeer.net\/wp-content\/uploads\/2024\/04\/20240310_140304-1536x1536.jpg 1536w, https:\/\/neuromeer.net\/wp-content\/uploads\/2024\/04\/20240310_140304-2048x2048.jpg 2048w\" sizes=\"auto, (max-width: 1024px) 100vw, 1024px\" \/><\/figure>\n<\/div>\n\n\n\n<div class=\"wp-block-group alignfull has-base-background-color has-background has-global-padding is-layout-constrained wp-container-core-group-is-layout-d89aad35 wp-block-group-is-layout-constrained\" style=\"margin-top:0;margin-bottom:0;padding-top:var(--wp--preset--spacing--50);padding-right:var(--wp--preset--spacing--50);padding-bottom:var(--wp--preset--spacing--50);padding-left:var(--wp--preset--spacing--50)\">\n<div class=\"wp-block-columns alignwide is-layout-flex wp-container-core-columns-is-layout-549b0c86 wp-block-columns-is-layout-flex\">\n<div class=\"wp-block-column has-global-padding is-content-justification-left is-layout-constrained wp-container-core-column-is-layout-4f15e8fe wp-block-column-is-layout-constrained\" style=\"flex-basis:40%\">\n<p>Unser Herzensprojekt<\/p>\n<\/div>\n\n\n\n<div class=\"wp-block-column is-layout-flow wp-container-core-column-is-layout-119bc444 wp-block-column-is-layout-flow\" style=\"flex-basis:60%\">\n<p class=\"has-heading-font-family has-x-large-font-size\" style=\"line-height:1.2\">Mit viel Liebe zum Detail und einer Verpflichtung zu Spitzenleistungen schaffen wir R\u00e4ume, in denen du auch dein Leben inspirieren, aufwerten und bereichern lassen kannst.<\/p>\n\n\n\n<div class=\"wp-block-columns is-layout-flex wp-container-core-columns-is-layout-87beb0d0 wp-block-columns-is-layout-flex\">\n<div class=\"wp-block-column is-layout-flow wp-block-column-is-layout-flow\">\n<p class=\"wp-container-content-9cfa9a5a\">Du bekommst bei uns einen fundierten Einblick in die Neurographik und noch viel mehr, um dich nicht nur k\u00fcnstlerisch weiterzuentwickeln.<\/p>\n\n\n\n<p class=\"wp-container-content-9cfa9a5a\">Falls du noch keine Erfahrung hast, macht das nichts. Alles,was du k\u00f6nnen musst, ist einen Stift halten.<br>Schreibe uns eine mail, wenn du spezielle Fragen hast.<\/p>\n\n\n\n<p>antwort@neuromeer.net<\/p>\n<\/div>\n\n\n\n<div class=\"wp-block-column is-layout-flow wp-block-column-is-layout-flow\">\n<p>Du bekommst bei uns einen fundierten Einblick in die Ikonographie und die Fr\u00f6mmigkeit, die Menschen damit leben.<\/p>\n\n\n\n<p>Falls du noch keine Erfahrung hast, macht das nichts. Du wirst liebevoll Schritt f\u00fcr Schritt angeleitet<\/p>\n<\/div>\n<\/div>\n<\/div>\n<\/div>\n<\/div>\n\n\n\n<div class=\"wp-block-cover alignfull has-parallax\" style=\"padding-top:var(--wp--preset--spacing--50);padding-right:var(--wp--preset--spacing--50);padding-bottom:var(--wp--preset--spacing--50);padding-left:var(--wp--preset--spacing--50);min-height:100vh;aspect-ratio:unset;\"><span aria-hidden=\"true\" class=\"wp-block-cover__background has-base-background-color has-background-dim-0 has-background-dim\"><\/span><div class=\"wp-block-cover__image-background wp-image-27 has-parallax\" style=\"background-position:50% 50%;background-image:url(https:\/\/neuromeer.net\/wp-content\/uploads\/2024\/04\/20240310_174914-scaled.jpg)\"><\/div><div class=\"wp-block-cover__inner-container has-global-padding is-layout-constrained wp-container-core-cover-is-layout-e4fd886c wp-block-cover-is-layout-constrained\">\n<div style=\"height:500px\" aria-hidden=\"true\" class=\"wp-block-spacer\"><\/div>\n<\/div><\/div>\n\n\n\n<div class=\"wp-block-group alignfull has-base-2-background-color has-background has-global-padding is-layout-constrained wp-container-core-group-is-layout-7cd14b77 wp-block-group-is-layout-constrained\" style=\"margin-top:0;margin-bottom:0;padding-top:var(--wp--preset--spacing--60);padding-right:var(--wp--preset--spacing--60);padding-bottom:var(--wp--preset--spacing--60);padding-left:var(--wp--preset--spacing--60)\">\n<div class=\"wp-block-group alignwide is-layout-flow wp-block-group-is-layout-flow\">\n<div style=\"height:var(--wp--preset--spacing--50)\" aria-hidden=\"true\" class=\"wp-block-spacer\"><\/div>\n\n\n\n<p class=\"has-text-align-center has-heading-font-family has-x-large-font-size\" style=\"font-style:normal;font-weight:400;line-height:1.2\">Neuromeer ist mehr als Urlaub und mehr als k\u00fcnstlerische Aktivit\u00e4t.<\/p>\n\n\n\n<div style=\"height:var(--wp--preset--spacing--50)\" aria-hidden=\"true\" class=\"wp-block-spacer\"><\/div>\n<\/div>\n<\/div>\n\n\n\n<div class=\"wp-block-group alignfull has-base-2-color has-contrast-background-color has-text-color has-background has-link-color wp-elements-f52bdaa10890ea9869caabfda66c1cc5 has-global-padding is-layout-constrained wp-container-core-group-is-layout-facafb6f wp-block-group-is-layout-constrained\" style=\"margin-top:0;margin-bottom:0;padding-top:var(--wp--preset--spacing--50);padding-right:var(--wp--preset--spacing--50);padding-bottom:var(--wp--preset--spacing--50);padding-left:var(--wp--preset--spacing--50)\">\n<div class=\"wp-block-columns alignwide is-layout-flex wp-container-core-columns-is-layout-d1c656ed wp-block-columns-is-layout-flex\">\n<div class=\"wp-block-column is-vertically-aligned-stretch is-layout-flow wp-block-column-is-layout-flow\" style=\"padding-right:0;flex-basis:60%\">\n<div class=\"wp-block-group is-vertical is-content-justification-stretch is-layout-flex wp-container-core-group-is-layout-ae24f51d wp-block-group-is-layout-flex\" style=\"min-height:100%\">\n<p class=\"has-medium-font-size\">1. Mit Neuromeer wollen wir die Verbindung von Urlaub, Entspannung und Zeichnen, um sich selbst besser kennenzulernen, verbinden. Durch eine \u00fcberschaubare Gruppe von 8- 12 Menschen wird die Gemeinschaft gest\u00e4rkt und der Spa\u00df potenziert. Du findest Unterst\u00fctzung in der Gruppe, kannst Erfahrungen teilen und durch die anderen TeilnehmerInnen auch f\u00fcr dich neu Perspektiven gewinnen. Langanhaltende Freundschaften sind nicht ausgeschlossen.<br><\/p>\n\n\n\n<h2 class=\"wp-block-heading\"><\/h2>\n\n\n\n<figure class=\"wp-block-image\"><img loading=\"lazy\" decoding=\"async\" width=\"2560\" height=\"1920\" src=\"https:\/\/neuromeer.net\/wp-content\/uploads\/2024\/04\/20240310_131358-scaled.jpg\" alt=\"\" class=\"wp-image-33\" srcset=\"https:\/\/neuromeer.net\/wp-content\/uploads\/2024\/04\/20240310_131358-scaled.jpg 2560w, https:\/\/neuromeer.net\/wp-content\/uploads\/2024\/04\/20240310_131358-300x225.jpg 300w, https:\/\/neuromeer.net\/wp-content\/uploads\/2024\/04\/20240310_131358-1024x768.jpg 1024w, https:\/\/neuromeer.net\/wp-content\/uploads\/2024\/04\/20240310_131358-768x576.jpg 768w, https:\/\/neuromeer.net\/wp-content\/uploads\/2024\/04\/20240310_131358-1536x1152.jpg 1536w, https:\/\/neuromeer.net\/wp-content\/uploads\/2024\/04\/20240310_131358-2048x1536.jpg 2048w\" sizes=\"auto, (max-width: 2560px) 100vw, 2560px\" \/><\/figure>\n\n\n\n<p>Was sind die Ziele des Workshops?<br>Du lernst den Neurographik Basisalgorithmus kennen und f\u00fcr dich zu nutzen. Wir erkl\u00e4ren dir Schritt f\u00fcr Schritt, wie du eine Zeichnung zu einer f\u00fcr dein Nervensystem wirkungsvolle Zeichnung machen kannst. Damit kannst du deine alten Glaubenss\u00e4tze aufl\u00f6sen und dich an viele deiner Themen heranwagen, um dich in ein freieres und gl\u00fccklicheres Leben zu zeichnen. <br>Auch wenn du noch nie gezeichnet hast, oder schlechte Erfahrungen gemacht hast, lernst du Zeichen als Prozess zu erleben und nicht zu sehr auf dein Zeichenergebnis fixiert zu sein. Damit kannst eventuelle \u00c4ngste oder Perfektionismus \u00fcberwinden und stattdessen deinen Selbstausdruck finden.<\/p>\n\n\n\n<figure class=\"wp-block-image size-large is-resized\"><img loading=\"lazy\" decoding=\"async\" width=\"1024\" height=\"1024\" src=\"https:\/\/neuromeer.net\/wp-content\/uploads\/2024\/04\/20240314_095922-1024x1024.jpg\" alt=\"\" class=\"wp-image-69\" style=\"width:494px;height:auto\" srcset=\"https:\/\/neuromeer.net\/wp-content\/uploads\/2024\/04\/20240314_095922-1024x1024.jpg 1024w, https:\/\/neuromeer.net\/wp-content\/uploads\/2024\/04\/20240314_095922-300x300.jpg 300w, https:\/\/neuromeer.net\/wp-content\/uploads\/2024\/04\/20240314_095922-150x150.jpg 150w, https:\/\/neuromeer.net\/wp-content\/uploads\/2024\/04\/20240314_095922-768x768.jpg 768w, https:\/\/neuromeer.net\/wp-content\/uploads\/2024\/04\/20240314_095922-1536x1536.jpg 1536w, https:\/\/neuromeer.net\/wp-content\/uploads\/2024\/04\/20240314_095922-2048x2048.jpg 2048w\" sizes=\"auto, (max-width: 1024px) 100vw, 1024px\" \/><\/figure>\n<\/div>\n<\/div>\n\n\n\n<div class=\"wp-block-column is-layout-flow wp-block-column-is-layout-flow\" style=\"flex-basis:40%\">\n<div class=\"wp-block-group has-global-padding is-layout-constrained wp-block-group-is-layout-constrained\">\n<p class=\"has-large-font-size\" style=\"font-style:normal;font-weight:500;line-height:1.2\">Unser Angebot richtet sich vor allem an Menschen, die Urlaub und Neues ausprobieren miteinander verbinden wollen. <\/p>\n\n\n\n<div style=\"height:var(--wp--preset--spacing--40)\" aria-hidden=\"true\" class=\"wp-block-spacer\"><\/div>\n\n\n\n<div class=\"wp-block-group is-layout-flow wp-block-group-is-layout-flow\">\n<p class=\"has-medium-font-size\"><strong>F\u00fcr wen ist die Neuromeerzeichenwoche <\/strong><\/p>\n\n\n\n<p>Menschen die eine Bereicherung in ihrem Alltag suchen und \u00fcber sich hinauswachsen wollen.<\/p>\n\n\n\n<p>Menschen, die nach neuen Impulsen und Freude suchen.<\/p>\n\n\n\n<p>Menschen, die in die Maltechniken der Neurographik eintauchen  und neue Ausdrucksformen entdecken m\u00f6chten, um sich von ihrer eigenen Kreativit\u00e4t \u00fcberraschen zu lassen. Willkommen sind sowohl Neurogaphik-Neulinge, als auch die, die schon einige Linienkilometer hinter sich haben.<\/p>\n\n\n\n<p>Menschen, die ihre pers\u00f6nliche Entwicklung durch kreative Prozesse und Coaching f\u00f6rdern m\u00f6chten.<\/p>\n\n\n\n<figure class=\"wp-block-image size-large is-style-rounded is-style-rounded--2\"><img loading=\"lazy\" decoding=\"async\" width=\"1024\" height=\"576\" src=\"https:\/\/neuromeer.net\/wp-content\/uploads\/2024\/04\/IMG_20240315_171235-1024x576.jpg\" alt=\"\" class=\"wp-image-24\" style=\"aspect-ratio:9\/16;object-fit:cover\" srcset=\"https:\/\/neuromeer.net\/wp-content\/uploads\/2024\/04\/IMG_20240315_171235-1024x576.jpg 1024w, https:\/\/neuromeer.net\/wp-content\/uploads\/2024\/04\/IMG_20240315_171235-300x169.jpg 300w, https:\/\/neuromeer.net\/wp-content\/uploads\/2024\/04\/IMG_20240315_171235-768x432.jpg 768w, https:\/\/neuromeer.net\/wp-content\/uploads\/2024\/04\/IMG_20240315_171235-1536x864.jpg 1536w, https:\/\/neuromeer.net\/wp-content\/uploads\/2024\/04\/IMG_20240315_171235-2048x1152.jpg 2048w\" sizes=\"auto, (max-width: 1024px) 100vw, 1024px\" \/><\/figure>\n<\/div>\n<\/div>\n<\/div>\n<\/div>\n\n\n\n<p>Nutze mit uns die Kraft der Umgebung und genie\u00dfe die inspirierenden Orte am Meer, an denen wir zeichnen.<\/p>\n<\/div>\n\n\n\n<p><strong>Neuromeer &#8211; Kreative Auszeit mit dem Malen von Ikonen<\/strong><\/p>\n\n\n\n<p>Erkunde die Spiritualit\u00e4t der Ikonen und nimm als Resultat ein Werk deiner H\u00e4nde mit nach Hause:<br><strong>Deine eigenen Ikone<\/strong><br>Lerne ein sehr alte Kunst (Ikonenmalerei) und verschiedenen Techniken (Eitempera, Vergoldung&#8230;) kennen.<\/p>\n\n\n\n<p>Wir vertiefen uns in dieser Woche in die Kunst der Byzantinischen Malerei und sehen Werke von verschiedenen Epochen und verstehen verschiedene K\u00fcnstler.<\/p>\n\n\n\n<p>Vasiliki wird \u00fcber die Prinzipien der Ikonenkunst erz\u00e4hlen und das Ethos der Linie erkl\u00e4ren. Fragen, welche Perspektive dabei benutzt wird und warum nicht natur\u00e4hnlich gezeichnet wird, wird sie dir beantworten und wir k\u00f6nnen gemeinsam \u00fcber \u00fcber die Funktionalit\u00e4t der Ikonen in der modernen Zeit diskutieren. so kannst du deinen eigenen Zugang dazu finden und dich an deienm Werk erfreuen, dass mehr als ein Kunstwerk sein wird.<\/p>\n\n\n\n<p>Wir werden ca 6 Stunden am Tag malen und wir besuchen Orte an denen es viele Ikonen gibt, um von ihrem Spirit zu erfahren und zu lernen.<br>am Mittwoch werden wir vormittags den Markt besuchen und gemeinsam etwas aus dem gekauften zaubern, um auch in die Lebenskultur einzutauchen.<\/p>\n\n\n\n<p>20.1.2026- 28.1.2026<\/p>\n\n\n\n<p><strong>Anfahrt und Zeitplan:<\/strong><\/p>\n\n\n\n<ul class=\"wp-block-list\">\n<li>Deine Anfahrt organisierst du dir selbst, so kannst du individuell gestalten, ob du noch einige Tage l\u00e4nger bleiben m\u00f6chtest.<\/li>\n\n\n\n<li>F\u00fcr Unterkunft in der N\u00e4he und Verpflegung geben wir gerne Tipps <\/li>\n\n\n\n<li>Wir starten am Dienstag (20.1.2026), um 9:00 Uhr mit einem gemeinsamen Kaffee\/Tee und enden am Mittwoch (28.1.26) Nachmittag.<\/li>\n\n\n\n<li>Genie\u00dfe Kaffee, Tee, frisches Obst und Geb\u00e4ck w\u00e4hrend der Malpausen.<br><\/li>\n<\/ul>\n\n\n\n<p><strong>Anmeldung und Kontakt:<\/strong><\/p>\n\n\n\n<p>Sichere dir jetzt deinen Platz f\u00fcr deine eigenen Ikone<br>Kontaktiere uns unter Info@neuromeer.net <br>wir freuen uns auf dich und auf deine Fragen<\/p>\n\n\n\n<p>Wir freuen uns auf eine gemeinsame Woche mit dir!<\/p>\n\n\n\n<p>Sabine und Vasiliki<\/p>\n\n\n\n<p><strong>Neuromeer &#8211; Kreative Auszeit mit NeuroGraphik am Meer<\/strong><\/p>\n\n\n\n<p>Du sehnst dich nach einer Woche voller kreativer Entfaltung, inspirierender Orte, positiver Ver\u00e4nderung und Wachstum? Dann hei\u00dfen wir Dich herzlich willkommen zu unserer einzigartigen Veranstaltung &#8222;Neuromeer&#8220; &#8211; einer Woche des Zeichnens mit netten Menschen an der malerischen K\u00fcste zwischen Athos und Olymp!<\/p>\n\n\n\n<figure class=\"wp-block-image size-large is-resized\"><img loading=\"lazy\" decoding=\"async\" width=\"997\" height=\"1024\" src=\"https:\/\/neuromeer.net\/wp-content\/uploads\/2024\/11\/IMG_20241114_091623520-1-997x1024.jpg\" alt=\"\" class=\"wp-image-312\" style=\"width:287px;height:auto\" srcset=\"https:\/\/neuromeer.net\/wp-content\/uploads\/2024\/11\/IMG_20241114_091623520-1-997x1024.jpg 997w, https:\/\/neuromeer.net\/wp-content\/uploads\/2024\/11\/IMG_20241114_091623520-1-292x300.jpg 292w, https:\/\/neuromeer.net\/wp-content\/uploads\/2024\/11\/IMG_20241114_091623520-1-768x789.jpg 768w, https:\/\/neuromeer.net\/wp-content\/uploads\/2024\/11\/IMG_20241114_091623520-1-1496x1536.jpg 1496w, https:\/\/neuromeer.net\/wp-content\/uploads\/2024\/11\/IMG_20241114_091623520-1.jpg 1536w\" sizes=\"auto, (max-width: 997px) 100vw, 997px\" \/><figcaption class=\"wp-element-caption\">Spa\u00df und Weiterentwicklung beim gemeinsamen Zeichnen<\/figcaption><\/figure>\n\n\n\n<p><strong>Was erwartet dich:<\/strong><\/p>\n\n\n\n<ul class=\"wp-block-list\">\n<li><strong>Neurographik am Meer:<\/strong> Tauche ein in die Welt der NeuroGraphik und lasse  Dich gleichzeitig von der malerischen Meereslandschaft inspirieren.<\/li>\n\n\n\n<li><strong>Datum:<\/strong> auf Anfrage<\/li>\n\n\n\n<li><strong>Ort:<\/strong> Nea Moudania, (Chalkidiki)<\/li>\n\n\n\n<li><strong>Dauer:<\/strong> Eine Woche voller Kreativit\u00e4t, Gemeinschaft und pers\u00f6nlicher Entwicklung.<\/li>\n\n\n\n<li><strong>Aktivit\u00e4ten:<\/strong>\n<ul class=\"wp-block-list\">\n<li>T\u00e4glich 4-6 Stunden Malen verschiedener Modelle unter unserer Anleitung.<\/li>\n\n\n\n<li>als erfahrene Coaches und Neurographik-Trainerinnen erkl\u00e4ren wir dir alles und stehen dir zur Seite<\/li>\n\n\n\n<li>Basiskurs und Zertifikat zum Basisalgorhythmus.<\/li>\n\n\n\n<li>Modelle und weitere Hilfen, um deine neuen Ziele zu setzen und auch zu erreichen.<\/li>\n\n\n\n<li>Pers\u00f6nliche Entwicklung durch kreative Prozesse und Coachings.<\/li>\n\n\n\n<li>Gemeinsame Freude an der Kreativit\u00e4t und Entwicklung<\/li>\n<\/ul>\n<\/li>\n<\/ul>\n\n\n\n<ul class=\"wp-block-list\">\n<li>Nachmittage zur freien Gestaltung, f\u00fcr Ausfl\u00fcge in die Umgebung oder um  individuell weiter zu zeichnen.<\/li>\n\n\n\n<li>Ein malerischer Ort am Meer, der deine Sinne inspiriert und deine Kreativit\u00e4t befl\u00fcgelt.<\/li>\n\n\n\n<li><strong>Teilnehmerzahl:<\/strong> 8-12 Personen, damit wir auf jeden pers\u00f6nlich eingehen k\u00f6nnen und ein sicherer Raum f\u00fcr intensive Erfahrung entstehen kann.<\/li>\n<\/ul>\n\n\n\n<figure class=\"wp-block-image size-full is-resized\"><img loading=\"lazy\" decoding=\"async\" width=\"819\" height=\"614\" src=\"https:\/\/neuromeer.net\/wp-content\/uploads\/2024\/11\/IMG_20241117_112952916.jpg\" alt=\"\" class=\"wp-image-314\" style=\"width:315px;height:auto\" srcset=\"https:\/\/neuromeer.net\/wp-content\/uploads\/2024\/11\/IMG_20241117_112952916.jpg 819w, https:\/\/neuromeer.net\/wp-content\/uploads\/2024\/11\/IMG_20241117_112952916-300x225.jpg 300w, https:\/\/neuromeer.net\/wp-content\/uploads\/2024\/11\/IMG_20241117_112952916-768x576.jpg 768w\" sizes=\"auto, (max-width: 819px) 100vw, 819px\" \/><figcaption class=\"wp-element-caption\">Ausblick von unserem Zeichendomizil<\/figcaption><\/figure>\n\n\n\n<p><strong>Leistungen:<\/strong><\/p>\n\n\n\n<ul class=\"wp-block-list\">\n<li>T\u00e4glich 4 &#8211; 6 Stunden Neurographik-Workshops unter Anleitung erfahrener Coaches.<\/li>\n\n\n\n<li>Basiskurs inklusive Zertifikat f\u00fcr deine Teilnahme.<\/li>\n\n\n\n<li>Betreuung durch zwei erfahrene Coaches, die dich auf deinem kreativen Weg begleiten.<\/li>\n\n\n\n<li>Genie\u00dfe Kaffee, Tee, frisches Obst und Geb\u00e4ck w\u00e4hrend der Malpausen.<\/li>\n<\/ul>\n\n\n\n<p><strong>Anfahrt und Zeitplan:<\/strong><\/p>\n\n\n\n<ul class=\"wp-block-list\">\n<li>Deine Anfahrt organisierst du dir selbst, so kannst du individuell gestalten, ob du noch einige Tage l\u00e4nger bleiben m\u00f6chtest.<\/li>\n\n\n\n<li>Wir starten jeweils am Montag, um 9:00 Uhr mit einem gemeinsamen Kaffee\/Tee und enden am Freitag Nachmittag.<\/li>\n<\/ul>\n\n\n\n<p><strong>Anmeldung und Kontakt:<\/strong><\/p>\n\n\n\n<p>Sichere dir jetzt deinen Platz f\u00fcr NeuroMeer.<\/p>\n\n\n\n<p>Kontaktiere uns unter Info@neuromeer.net.<\/p>\n\n\n\n<p>Wir freuen uns auf eine gemeinsame Woche mit dir!<\/p>\n\n\n\n<p>Sabine und Vasiliki<\/p>\n","protected":false},"excerpt":{"rendered":"<p>Seminar Neuromeer 20.01.2026 &#8211; 28.01.2026 Ikonen ZeichnenNea MoudaniaF\u00fcr Anf\u00e4nger und Fortgeschrittene 09.03.2026 &#8211; 14.03.2026 Nea Moudaniaf\u00fcr Neurographik TrainerInnen Chalkidiki, 40 Minuten vom Flughafen Thessaloniki entfernt.Vasiliki Melissi, Sabine Zuch-Haischmann Durch Zeichnen mit Meerblick erlebst du, wie du eine neue Perspektive auf dein Leben und dein Alltag bekommst. Wie nebenbei lernst, wie du auch alleine die neue [&hellip;]<\/p>\n","protected":false},"author":2,"featured_media":0,"parent":0,"menu_order":0,"comment_status":"closed","ping_status":"closed","template":"","meta":{"footnotes":""},"class_list":["post-38","page","type-page","status-publish","hentry"],"_links":{"self":[{"href":"https:\/\/neuromeer.net\/index.php?rest_route=\/wp\/v2\/pages\/38","targetHints":{"allow":["GET"]}}],"collection":[{"href":"https:\/\/neuromeer.net\/index.php?rest_route=\/wp\/v2\/pages"}],"about":[{"href":"https:\/\/neuromeer.net\/index.php?rest_route=\/wp\/v2\/types\/page"}],"author":[{"embeddable":true,"href":"https:\/\/neuromeer.net\/index.php?rest_route=\/wp\/v2\/users\/2"}],"replies":[{"embeddable":true,"href":"https:\/\/neuromeer.net\/index.php?rest_route=%2Fwp%2Fv2%2Fcomments&post=38"}],"version-history":[{"count":38,"href":"https:\/\/neuromeer.net\/index.php?rest_route=\/wp\/v2\/pages\/38\/revisions"}],"predecessor-version":[{"id":327,"href":"https:\/\/neuromeer.net\/index.php?rest_route=\/wp\/v2\/pages\/38\/revisions\/327"}],"wp:attachment":[{"href":"https:\/\/neuromeer.net\/index.php?rest_route=%2Fwp%2Fv2%2Fmedia&parent=38"}],"curies":[{"name":"wp","href":"https:\/\/api.w.org\/{rel}","templated":true}]}}